s 36523313 a composite number?
True
Is 47164337 a composite number?
True
Is 974643217 prime?
False
Is 303202979 a prime number?
True
Is 195786215 a prime number?
False
Is 3736981 prime?
True
Is 31660639 prime?
False
Is 364784327 a prime number?
False
Is 6276371 a prime number?
True
Is 12721157 a composite number?
False
Is 90697 composite?
False
Is 3587117 composite?
False
Is 27275074 composite?
True
Is 170018171 prime?
True
Is 21800551 a composite number?
False
Is 922261 prime?
True
Is 3639913 prime?
True
Is 389234999 a prime number?
True
Is 411525421 prime?
True
Is 9016394 composite?
True
Is 6821449 a prime number?
False
Is 423689 composite?
True
Is 26642407 composite?
True
Is 145543151 composite?
True
Is 1438427 a prime number?
False
Is 768479 composite?
False
Is 93100811 composite?
False
Is 19827217 a prime number?
True
Is 9367277 a prime number?
True
Is 3067573 a prime number?
True
Is 12605419 a composite number?
True
Is 295997 a prime number?
False
Is 2984551 composite?
True
Is 10953211 prime?
True
Is 5961779 a prime number?
True
Is 2550853 composite?
False
Is 9778919 a prime number?
False
Is 1114501 prime?
True
Is 3103343 a prime number?
True
Is 8038094 a prime number?
False
Is 19462351 prime?
True
Is 937943 composite?
False
Is 20903089 a composite number?
False
Is 1111397 a prime number?
False
Is 9781943 prime?
True
Is 569047 a prime number?
True
Is 97452527 a prime number?
True
Is 1037641 composite?
True
Is 418079 a prime number?
True
Is 41562337 prime?
False
Is 166693 a prime number?
True
Is 1431751 prime?
True
Is 1480997 prime?
False
Is 1804991 a composite number?
False
Is 93944441 composite?
False
Is 46220477 a composite number?
True
Is 94045243 prime?
False
Is 1555391 a prime number?
False
Is 27213679 prime?
True
Is 174234257 prime?
False
Is 10936295 composite?
True
Is 35015321 prime?
False
Is 948401 a composite number?
False
Is 37248221 composite?
True
Is 21157693 a composite number?
False
Is 1773907 a composite number?
False
Is 247000109 composite?
False
Is 9467995 prime?
False
Is 13600931 a prime number?
True
Is 52016219 prime?
False
Is 5060557 composite?
True
Is 18272851 composite?
True
Is 90173 a prime number?
True
Is 235487541 prime?
False
Is 384547877 prime?
False
Is 9339359 prime?
True
Is 42261181 composite?
False
Is 1292520227 composite?
True
Is 183993437 a prime number?
False
Is 93398891 prime?
True
Is 3592037 prime?
True
Is 2169749 a prime number?
True
Is 65688967 composite?
False
Is 240032147 prime?
True
Is 122585 a composite number?
True
Is 138969797 a composite number?
True
Is 193321 a composite number?
True
Is 195084559 composite?
False
Is 199961 prime?
True
Is 39957007 composite?
True
Is 489743 a prime number?
True
Is 11706551 composite?
True
Is 16762181 composite?
False
Is 22908409 composite?
True
Is 54802651 a prime number?
False
Is 86645435 composite?
True
Is 122722891 prime?
False
Is 5610037 a composite number?
True
Is 16389209 prime?
True
Is 3435101 a composite number?
False
Is 21534151 a prime number?
True
Is 1169809 a composite number?
False
Is 15317207 a prime number?
True
Is 11028821 prime?
True
Is 152813383 a composite number?
True
Is 17872377 a prime number?
False
Is 387308527 a composite number?
False
Is 9789779 a composite number?
False
Is 46899857 prime?
True
Is 1457297 a prime number?
False
Is 4586411 a prime number?
True
Is 14146717 a composite number?
True
Is 2385437 a prime number?
False
Is 7292207 prime?
False
Is 19103743 a prime number?
False
Is 351877 composite?
True
Is 65492419 prime?
False
Is 11540003 a prime number?
False
Is 4431401 a prime number?
False
Is 3978939 a composite number?
True
Is 37606787 prime?
True
Is 91856467 a composite number?
False
Is 403170973 a composite number?
False
Is 155955953 a composite number?
False
Is 3587347 composite?
False
Is 2821037 a composite number?
True
Is 2878537 a prime number?
True
Is 43758889 a composite number?
False
Is 6128459 composite?
False
Is 542356127 a prime number?
True
Is 5419439 a prime number?
True
Is 21591211 prime?
True
Is 3652489 composite?
True
Is 303711607 a prime number?
False
Is 1729103 prime?
True
Is 71442481 prime?
False
Is 3091247 a composite number?
True
Is 71601827 composite?
True
Is 5163727 a prime number?
True
Is 94950377 a composite number?
False
Is 4793323 prime?
False
Is 4625593 a composite number?
True
Is 12416189 a prime number?
True
Is 78067261 composite?
True
Is 27112759 a prime number?
True
Is 85987 prime?
False
Is 642465589 composite?
True
Is 518454157 prime?
False
Is 1975273 prime?
False
Is 2244587 prime?
True
Is 9469742 prime?
False
Is 1166996729 composite?
False
Is 26099863 a prime number?
False
Is 2407373 composite?
True
Is 1870499 a composite number?
False
Is 38690885 a composite number?
True
Is 25435219 a composite number?
True
Is 471601987 a prime number?
True
Is 81917923 a composite number?
True
Is 7660385 a prime number?
False
Is 13378039 a prime number?
False
Is 339457 a composite number?
True
Is 2683643 a composite number?
True
Is 401111639 prime?
True
Is 27266047 a prime number?
True
Is 10712899 prime?
True
Is 9915719 a composite number?
True
Is 1172531 composite?
False
Is 9631645 a prime number?
False
Is 1468381 prime?
False
Is 56053961 a prime number?
False
Is 108194551 composite?
True
Is 189042751 a composite number?
True
Is 26650501 a composite number?
True
Is 11902127 a composite number?
False
Is 20331607 composite?
True
Is 13405085 prime?
False
Is 13018331 a prime number?
False
Is 1436021 prime?
True
Is 2838547 a composite number?
False
Is 4141327 composite?
True
Is 364935491 prime?
True
Is 110325889 a composite number?
True
Is 2820469 a prime number?
False
Is 23203679 prime?
False
Is 156887 a composite number?
False
Is 6082819 composite?
False
Is 1174319 composite?
False
Is 4494359 prime?
True
Is 3380189 prime?
True
Is 154362687 a composite number?
True
Is 29822401 a prime number?
False
Is 3949241 prime?
True
Is 109991381 prime?
True
Is 295894321 a composite number?
False
Is 29837413 prime?
False
Is 7594151 a prime number?
False
Is 241046731 prime?
False
Is 338874421 prime?
False
Is 5889383 a composite number?
False
Is 12676039 a composite number?
False
Is 966479 a composite number?
True
Is 11369 a prime number?
True
Is 10840999 composite?
True
Is 2191687 a prime number?
True
Is 1226419 a prime number?
False
Is 23252069 prime?
True
Is 18044567 a composite number?
True
Is 133591063 prime?
False
Is 1328969 a composite number?
False
Is 72118789 prime?
True
Is 25012285 composite?
True
Is 23225414 composite?
True
Is 8218817 a composite number?
False
Is 937991 a composite number?
False
Is 6546353 a prime number?
False
Is 43456373 a prime number?
True
Is 20849117 a composite number?
True
Is 16322871 a composite number?
True
Is 2400913 a prime number?
False
Is 2598151 composite?
False
Is 106143043 a prime number?
True
Is 22786993 prime?
False
Is 42129929 composite?
False
Is 75035677 a prime number?
True
Is 22011127 a prime number?
False
Is 1049509 a prime number?
True
Is 118529 prime?
True
Is 10878503 composite?
False
Is 28301989 prime?
True
Is 2909849 a composite number?
False
Is 2790089 a composite number?
False
Is 131292091 prime?
False
Is 55895887 a composite number?
False
Is 9463583 prime?
True
Is 96166997 a prime number?
True
Is 330137 composite?
True
Is 152530811 a prime number?
True
Is 22938061 composite?
True
Is 394337 a composite number?
True
Is 317664467 a composite number?
False
Is 2795873 composite?
False
Is 1547347 composite?
False
Is 185064343 composite?
True
Is 20493791 prime?
True
Is 19594241 a prime number?
True
Is 40265261 a prime number?
False
Is 6789773 composite?
False
Is 989454923 a prime number?
True
Is 66124391 composite?
True
Is 2409581 composite?
True
Is 60381007 composite?
True
Is 160072007 a composite number?
False
Is 225089 composite?
False
Is 8851043 a prime number?
True
Is 135176351 a composite number?
False
Is 431122229 prime?
True
Is 3368587 prime?
False
Is 60732229 a prime number?
False
Is 3796597 a prime number?
False
Is 925219 composite?
True
Is 1205207 a prime number?
False
Is 15650941 a composite number?
False
Is 8173259 composite?
True
Is 3921083 prime?
False
Is 78779 a prime number?
True
Is 29025791 a composite number?
False
Is 63114659 a prime number?
False
Is 